rue
Is 196429253 a composite number?
False
Is 150549079 composite?
False
Is 14051258167 prime?
True
Is 48277166677 composite?
False
Is 419161357 prime?
True
Is 1055077754 a composite number?
True
Is 379287683 a composite number?
True
Is 44223643297 prime?
True
Is 21773695079 prime?
False
Is 17993831639 composite?
True
Is 90449555527 a prime number?
True
Is 60114287 a composite number?
True
Is 15961983017 prime?
True
Is 716349805 a prime number?
False
Is 11518500813 composite?
True
Is 7911131549 prime?
False
Is 6140951699 a composite number?
True
Is 168642754523 a prime number?
True
Is 12993517 a composite number?
True
Is 8251232447 composite?
False
Is 144509961 a prime number?
False
Is 92632081 a prime number?
True
Is 353079289 prime?
True
Is 370152049 a prime number?
False
Is 60869531581 a composite number?
False
Is 29333221583 a prime number?
False
Is 7097704039 a composite number?
False
Is 33155017439 prime?
True
Is 648307853 a composite number?
True
Is 12210637339 a composite number?
False
Is 6747748123 a prime number?
False
Is 3579713446 composite?
True
Is 2062143067 a composite number?
True
Is 1400180363 a composite number?
False
Is 2728900723 a composite number?
True
Is 186146501 composite?
False
Is 10653343687 prime?
False
Is 236703265081 prime?
False
Is 114067937 a prime number?
True
Is 1018007051 composite?
False
Is 250855789 prime?
True
Is 23269743619 a prime number?
True
Is 1683501637 composite?
False
Is 297576283 prime?
True
Is 1129171139 a composite number?
True
Is 1957148159 composite?
True
Is 9283170563 a composite number?
False
Is 487697879081 a composite number?
True
Is 18938291207 prime?
False
Is 138489341 a prime number?
True
Is 256141471 prime?
True
Is 42501792979 composite?
False
Is 17098104035 prime?
False
Is 1748487581 a composite number?
True
Is 540183779 prime?
False
Is 127220357 a composite number?
True
Is 204111263 a composite number?
False
Is 606377813 prime?
True
Is 1352935322 a prime number?
False
Is 2974250387 prime?
False
Is 170340689 composite?
False
Is 1407214583 composite?
False
Is 13212970307 a composite number?
False
Is 103857220483 a composite number?
False
Is 23127070999 a composite number?
False
Is 2795594369 a composite number?
False
Is 766933771 a composite number?
False
Is 1079228753 a composite number?
True
Is 36059382049 a composite number?
True
Is 922720609 a prime number?
False
Is 7261195219 a prime number?
False
Is 22516382393 prime?
False
Is 1338383581 a prime number?
True
Is 18550914769 a composite number?
True
Is 2625661069 composite?
False
Is 28931494987 composite?
False
Is 385361257 composite?
False
Is 178094279 prime?
False
Is 54531013259 a prime number?
True
Is 1208601721 composite?
False
Is 10314764371 a composite number?
False
Is 241845400259 composite?
True
Is 41926630903 composite?
False
Is 6332169993 composite?
True
Is 91978368169 composite?
False
Is 1039850837 a prime number?
True
Is 186703373 prime?
False
Is 36040296437 composite?
True
Is 154004731 prime?
False
Is 26720275363 a composite number?
True
Is 86553098 prime?
False
Is 1119207594013 prime?
True
Is 1145711269 a prime number?
False
Is 12617869063 a composite number?
True
Is 14090105587 a composite number?
True
Is 13060285999 prime?
True
Is 17994397061 a prime number?
True
Is 1201402831 prime?
True
Is 17931374339 prime?
False
Is 121331765413 a composite number?
False
Is 731479831 a composite number?
True
Is 1459756343 a prime number?
False
Is 715347067 a composite number?
True
Is 17014508239 composite?
True
Is 8421825793 a composite number?
True
Is 186391168429 composite?
False
Is 1499003731 composite?
False
Is 10186459 a composite number?
False
Is 21687878767 composite?
False
Is 7399907993 a composite number?
False
Is 3904962601 composite?
True
Is 8922882103 a composite number?
False
Is 88427868433 prime?
True
Is 4430918653 a composite number?
True
Is 14234040341 a composite number?
True
Is 3122497619 a composite number?
False
Is 2851505971 composite?
False
Is 9431456849 composite?
False
Is 1726029211 prime?
True
Is 16825424041 a prime number?
False
Is 13267213753 composite?
False
Is 51866989157 composite?
False
Is 327122982077 a prime number?
True
Is 261615427213 a composite number?
True
Is 30236927849 a composite number?
True
Is 902541581 a prime number?
True
Is 5550334109 a prime number?
True
Is 5551693 prime?
False
Is 9966367 a prime number?
True
Is 5770693595 a prime number?
False
Is 71810715117 a prime number?
False
Is 807889021 prime?
True
Is 187935983 a prime number?
True
Is 3531548149 a composite number?
True
Is 9248365909 a prime number?
True
Is 304996751 prime?
False
Is 35130217 composite?
True
Is 47326453939 a prime number?
False
Is 306080237945 prime?
False
Is 16417665491 prime?
True
Is 3031727593 a composite number?
True
Is 1026409927 composite?
True
Is 242731873739 a composite number?
False
Is 1579268819 prime?
False
Is 16513117 composite?
False
Is 717944737 a prime number?
True
Is 108086777 a prime number?
False
Is 1425024989 a composite number?
True
Is 1219286921 prime?
False
Is 11902517123 a prime number?
False
Is 272900233 a prime number?
False
Is 3720464261 composite?
False
Is 790403753 a prime number?
True
Is 26696187049 composite?
True
Is 19664416669 composite?
False
Is 3043731853 prime?
True
Is 514639547 prime?
True
Is 8379694529 a composite number?
True
Is 361505035 a prime number?
False
Is 33319175077 a prime number?
True
Is 4905853367 a composite number?
True
Is 16834809527 a composite number?
False
Is 207269089 prime?
False
Is 4621062989 a composite number?
False
Is 3527436449 prime?
False
Is 247314579 prime?
False
Is 1602422863 prime?
False
Is 4436714483 a prime number?
False
Is 3732953183 prime?
True
Is 5815652363 prime?
False
Is 560982209 a composite number?
False
Is 2988035989 a composite number?
False
Is 785033647 a composite number?
False
Is 401827729 composite?
False
Is 503339171 prime?
True
Is 82509376633 prime?
False
Is 384452281 a prime number?
False
Is 3245135174 prime?
False
Is 10739612867 prime?
True
Is 5709477053 a prime number?
False
Is 12415573097 composite?
False
Is 419658091 prime?
False
Is 5340803789 composite?
True
Is 307119997 a prime number?
False
Is 214507583 composite?
False
Is 1586768381 a prime number?
False
Is 9135574829 a composite number?
False
Is 82987763359 composite?
False
Is 808753921 composite?
True
Is 29759858341 prime?
True
Is 1445225801 composite?
True
Is 527021779 prime?
True
Is 470611529 composite?
False
Is 1126505027 a prime number?
True
Is 26799978563 a prime number?
True
Is 31281790451 a prime number?
True
Is 2149546039 a prime number?
True
Is 132387773873 a composite number?
False
Is 1573809077 a composite number?
False
Is 15930806 a prime number?
False
Is 154858409 prime?
True
Is 495357419 a composite number?
True
Is 22212064519 a prime number?
True
Is 1797627587 composite?
True
Is 48203316259 a composite number?
True
Is 11688329951 composite?
False
Is 92145051461 a composite number?
False
Is 7173168521 a composite number?
True
Is 11895332957 prime?
True
Is 4501980881 a prime number?
True
Is 84651706409 composite?
True
Is 259950367 composite?
False
Is 65104854361 prime?
True
Is 7123545427 a composite number?
False
Is 15314989033 prime?
True
Is 28073701801 a prime number?
True
Is 30158704189 composite?
True
Is 161298989921 a prime number?
False
Is 12502525621 composite?
True
Is 89919128573 a prime number?
True
Is 25433513207 prime?
True
Is 4988446319 a composite number?
True
Is 4127620603 a prime number?
True
Is 4664568901 a composite number?
False
Is 153400523 prime?
False
Is 1316130919 a composite number?
False
Is 7450970573 composite?
True
Is 6085465607 composite?
True
Is 1212500171 a prime number?
True
Is 63286761049 prime?
False
Is 1766538727 a prime number?
False
Is 321718861 composite?
False
Is 346769867 a prime number?
True
Is 5238526771 composite?
True
Is 6917987143 a composite number?
True
Is 1757905507 a prime number?
True
Is 25477766081 a prime number?
True
Is 103180044911 composite?
False
Is 428142583 a prime number?
False
Is 2501559413 prime?
False
Is 4891717 a prime number?
True
Is 10731450797 composite?
True
Is 89225734619 a composite number?
True
Is 144268093 a composite number?
True
Is 2128827171 a composite number?
True
Is 185928511